 be -1*(4/2 + -3)*x. Let g = -141 + 325. Calculate the highest common factor of g and z.
23
Let m be ((-3)/2 - -1)*-34. Let u = 1263 - 1246. What is the greatest common factor of m and u?
17
Suppose 6*a - a + 5 = 5*i, 0 = 4*a. Let q be ((-10)/25)/(i/(-15)). Calculate the highest common divisor of 2 and q.
2
Suppose 12*t = -1279 + 1699. Let q(y) = -y**3 + 2*y**2 + 4*y + 2. Let h be q(-2). What is the greatest common factor of t and h?
5
Let v = 157 - 150. Calculate the highest common factor of v and 28.
7
Let q be (30/(-8))/(-5)*8. What is the greatest common divisor of 27 and q?
3
Let w = 876 - 606. Calculate the greatest common factor of 36 and w.
18
Suppose 0 = 6*c - 777 - 627. Calculate the highest common factor of 36 and c.
18
Let q be 25 - 3*(-2)/(-3). Suppose -15*g = -1373 + q. What is the highest common factor of 10 and g?
10
Let a = -1062 - -3259. What is the greatest common divisor of 13 and a?
13
Suppose -x = x - 3534. Calculate the greatest common factor of 57 and x.
57
Let q be (-24 - -64) + 14/2. What is the greatest common divisor of q and 376?
47
Suppose y - 2*t - 30 = 42, 0 = y + t - 81. Suppose -a + 10 = 4*w, -a + 4*a - 4*w = y. Let z be 6/(-5)*-165*1. What is the highest common divisor of a and z?
22
Let m be 4/(-18) - 47/(-9). Let u = m + 0. What is the greatest common factor of u and 35?
5
Suppose -18 = -2*h + 4*b, 4*h + 2 - 3 = b. Let y be -3 - (0 - h - 202). Calculate the highest common factor of y and 22.
22
Let y = 36 + 20. Let k(u) = -u + 2. Let p be k(-3). Suppose 3 + p = z. Calculate the highest common factor of y and z.
8
Let g = -30 + 28. Let p(k) = -2*k + 1. Let h be p(g). Calculate the greatest common factor of h and 25.
5
Let g(n) = -n**2 + 2. Let r be g(0). Suppose -2*c + r = -4. Let u be ((-4)/(-8))/(2/8). What is the highest common divisor of u and c?
1
Suppose i - 4*i + r = -7, -i + 21 = -5*r. Let l be -4 + (i + 1 - -68). Calculate the greatest common divisor of l and 99.
33
Let i = -226 + 304. What is the greatest common factor of 91 and i?
13
Let w be (279/124)/(6/304). Calculate the greatest common factor of 57 and w.
57
Suppose -5*y + 2 = 2*a - 0, -3*y - 12 = 0. Suppose -b = a*b - 72. What is the highest common divisor of b and 66?
6
Let s = 50 - 30. Suppose -y + 5*l = 20, 2*l + 1 - 9 = -2*y. Suppose -3*i + y*i = -12. Calculate the highest common divisor of s and i.
4
Let b = -69 + 76. Suppose b*y - 8*y + 60 = 0. Calculate the greatest common factor of y and 90.
30
Let p(s) = 59*s**2 - s - 2. Let f be p(-1). Suppose z - 85 = -f. Calculate the highest common factor of z and 81.
27
Let w be (3 + -3 + (1 - 7))*-2. Let l(y) = 3*y + 1. Let h be l(2). Suppose -125 = h*i - w*i. Calculate the greatest common divisor of 25 and i.
25
Let d be 1/(2 + 5/(-3)). Suppose 0 = 5*o - d*u - 261, -154 + 11 = -3*o - 5*u. Suppose 2*g - 208 = -140. Calculate the highest common divisor of o and g.
17
Suppose -4*c + 1 = -g + 37, -5*c = -g + 41. What is the highest common divisor of 152 and g?
8
Let v = -1036 - -1060. Calculate the greatest common divisor of 136 and v.
8
Let n(u) = 17*u - 100. Let x be n(7). What is the greatest common factor of 38 and x?
19
Suppose 10*d = 7*d + 12. Suppose d*f = 2*f + 30. Calculate the greatest common factor of 135 and f.
15
Let a(u) = -86*u + 174. Let g be a(2). Calculate the highest common divisor of 65 and g.
1
Let w = -728 - -741. Calculate the highest common divisor of w and 208.
13
Let u = -584 - -626. Calculate the highest common divisor of 36 and u.
6
Suppose 0 = 3*s - 19 + 7. Let q be 0 + (23 + -2 - -2). Let a = -11 + q. What is the greatest common factor of a and s?
4
Let a be 16*1*2/4. Let c(g) = -g**3 - g + 8. Let d be 1 - (-1 + 1 - -1). Let l be c(d). Calculate the highest common divisor of l and a.
8
Suppose 3*w - 2*r - 23 = 0, w - 4*w + r = -19. Let h = 718 - 717. Suppose h = q + o - 7, 40 = w*q - 3*o. What is the highest common divisor of q and 4?
4
Suppose -13*y + 10*y + 9 = 0. Suppose 4*v + 15 = y*v. Let l be (-2)/10 + (-108)/v. Calculate the highest common divisor of 14 and l.
7
Let k be (-264)/(-18) + (-3)/(-9). Suppose -d + 72 = 5*h - 307, 0 = 5*h + 4*d - 391. What is the highest common factor of k and h?
15
Suppose 4 = -3*o + 46. Let j = -25802 + 25928. What is the highest common divisor of j and o?
14
Let a = 30 + 50. Let k be (0 + 3/(-1))/((-2)/(-6)). Let d(s) = -s**3 - 9*s**2 - 4*s - 20. Let z be d(k). What is the highest common factor of z and a?
16
Let l = -9 + 45. Let q = 5 - 3. Suppose -3*i + 544 = -2*o, q*i + 0*i + o = 358. What is the greatest common factor of i and l?
36
Suppose 0 = 23*y - 27*y + 24. Calculate the greatest common factor of 114 and y.
6
Let n be (-68)/(-6) - (-1)/(-3). Suppose -r + b - 4*b + 6 = 0, 24 = -4*r + 4*b. Let i be ((-11)/r)/((9/3)/9). Calculate the highest common divisor of n and i.
11
Let l = -24 + 20. Let k be (-2*(-12)/l)/(-1). Suppose -10 - k = -o. What is the greatest common divisor of o and 40?
8
Suppose 6*b = 4*b - 4*c + 1028, 3*b - 1522 = -c. What is the highest common factor of 46 and b?
46
Suppose -5*l - 2*b = -195, -2*l - 76*b + 99 = -71*b. What is the greatest common divisor of 1 and l?
1
Let x be (16 + -18)/(3/(-6)). Calculate the highest common factor of x and 12.
4
Let l(g) = 4*g - 20. Let t be l(6). Suppose -58 = -t*n - 26. Let v = 251 - 179. What is the highest common factor of n and v?
8
Suppose -3*q + 56 = 2*j - 4*j, -2*q = -3*j - 29. Let m be 2 + 0 + (-17 - 3). Let d be ((-11)/(-2))/((-3)/m). Calculate the greatest common factor of d and q.
11
Suppose 6*m = -267 + 3711. Calculate the greatest common factor of 14 and m.
14
Suppose 8*w - 1049 + 705 = 0. What is the greatest common factor of 473 and w?
43
Let k be ((-72)/(-16))/((-2)/(-4)). Let f(g) = -5*g + 59. Let q be f(k). What is the highest common divisor of q and 70?
14
Let y = -23 - -4. Let b = y + 173. What is the highest common divisor of b and 14?
14
Let k(y) = 2*y + 13. Let p be k(1). Calculate the greatest common factor of 285 and p.
15
Let h = 13 + -9. Let d be h - (-4 + -2 + 6). Calculate the highest common divisor of d and 44.
4
Suppose -31 = -7*b + 25. Suppose -k - 2 + b = 0. Let u(m) = m + 4. Let c be u(k). What is the greatest common divisor of 4 and c?
2
Let y be (-1 + 0)*(31 + -301). What is the highest common divisor of 162 and y?
54
Suppose 0 = q - 2*f - 14, -4*f = 2*q - 0*q - 12. Let c be 68/q - (-3)/15. Calculate the greatest common factor of c and 2.
1
Let i be -3 + -6 + (-133)/(-7). Let k be (-22)/(-2) - (-7 + 9). Let u be (10 + 2)*60/k. Calculate the greatest common divisor of i and u.
10
Let k = 14 + -10. Suppose k*d - d = -63. Let a be (-678)/d - 2/7. Calculate the greatest common factor of 16 and a.
16
Suppose 5*z - 4*d = 446, 4*z - z - 270 = 3*d. Let t = -44 + z. Suppose 312 = 3*u + t. What is the highest common divisor of u and 10?
10
Let p = -14 + 39. What is the highest common factor of 800 and p?
25
Let h be (-388)/(-14) + (12/(-7))/(-6). Calculate the greatest common divisor of 308 and h.
28
Suppose 3*g + g + 2 = 2*y, -3*g + 5*y - 19 = 0. Suppose x - i = -3*x + 103, 4*i = g*x - 62. What is the highest common factor of 50 and x?
25
Suppose -14*g = -8*g - 1230. Calculate the highest common divisor of 5 and g.
5
Suppose -4*w + 40 = -4*c, -w + 17 = -4*c - 5. Let x(v) = -2*v**3 + 6. Suppose -z = 4*z. Let s be x(z). Calculate the greatest common divisor of w and s.
6
Suppose 4*s = 5*f - 107, 3*f - 4*s - 50 = f. Suppose -f*u + 40 = -14*u. Let k = 214 - 150. Calculate the greatest common factor of k and u.
8
Suppose 40*w - 656 - 144 = 0. What is the highest common factor of w and 320?
20
Let u(h) = 33*h + 2. Let i be u(2). Let k be i/6*9/6. Let d = 558 - 439. Calculate the highest common divisor of d and k.
17
Let y be ((-9)/(-7))/((-1)/(-7)). Calculate the greatest common factor of y and 48.
3
Let m = 35 - 15. What is the highest common divisor of m and 410?
10
Let j be (6/4)/(-4 + 172/40). Calculate the greatest common divisor of 2 and j.
1
Suppose -149 - 157 = -3*c. Suppose -2*z = -c + 30. Calculate the greatest common factor of 90 and z.
18
Suppose 5*k - 88 = -2*f, -8*f + 52 = 2*k - 3*f. What is the greatest common divisor of k and 784?
16
Let j(u) = -35*u + 1. Let o be j(-1). Suppose -34*y + 2295 = 459. What is the highest common div